mposite number?
True
Suppose 0 = -11*o - 114 + 147. Suppose -w + 0*w = 0. Suppose -2*j + 2074 = -2*c + 242, 2*j + o*c - 1817 = w. Is j composite?
True
Let n(q) = -1260*q**3 + 42*q**2 + 58*q - 3. Is n(-7) prime?
False
Suppose 497*s = -269*s + 3811772274 + 529847552. Is s prime?
True
Is (-14)/((-2)/1) + (34 - -199)*2 a prime number?
False
Let m be 2/8 + 4*28/64. Suppose -p - m*p = 5*k - 1284, 4*p = -k + 250. Let b = k + -125. Is b prime?
False
Let d be ((-852)/(-18))/((-4)/(-126)). Let c be (-2 - -11) + (0 - -2) + -3. Suppose -5*v - d = -c*v. Is v a composite number?
True
Let o be 8/12 - (-23)/(-3). Let i be 4 + o/(21/(-6)). Suppose 655 = 5*t + 3*c, 3*t + 4*c = i*c + 393. Is t a composite number?
False
Suppose -2*x + 8 = -70. Let w = x + -41. Is ((-2)/w)/(7/245) a prime number?
False
Let t(v) = -2*v**3 + 32*v**2 - 15*v - 17. Let i(j) = -5*j**3 + 64*j**2 - 30*j - 36. Let u(x) = -3*i(x) + 7*t(x). Is u(-19) a prime number?
True
Let t(u) = 3694*u**2 - 8*u - 5. Suppose -193 = 4*h - 189. Is t(h) prime?
True
Let a = -57 - -37. Let w(v) = v**3 + 19*v**2 - 21*v - 15. Let t be w(a). Suppose -t*r + 3*r = -1334. Is r composite?
True
Let d = 59 + -54. Suppose 4*a + 50318 = d*z + 3*a, a = -5*z + 50312. Is z composite?
True
Let s be 6/(4 + (-67705)/16930 - 0). Suppose 5*y - 6772 = -4*i, -10*i + 3*y + s = -6*i. Is i a composite number?
False
Let w = -26021 + 5992. Let k = w + 66584. Is k prime?
False
Let c = 651753 - 105044. Is c a composite number?
False
Suppose 51*q = -43*q + 21*q + 22778993. Is q composite?
True
Suppose 219395 = 36*i + 12*i + 7*i. Is i a composite number?
False
Let g = -5971 + 3105. Let i = g + 6303. Is i a prime number?
False
Suppose -2593 = -2*a + 3*d + 3589, -2*d = 5*a - 15417. Let h = -1836 + a. Is h a prime number?
True
Let h(a) = -1955*a - 23. Let m be h(-3). Let g = 59321 - m. Is g a prime number?
True
Suppose 5*p + 0*p - 52 = -2*i, 4*i - 48 = 4*p. Let b be (1 - -1 - 1)/(i/656). Suppose b*t = 42*t - 2959. Is t composite?
True
Suppose -4*z - 18 = r, -2*z = 2*r - 2 + 8. Suppose -r*i - 8 = 0, -5*w = 35*i - 31*i - 15669. Is w composite?
False
Let d be (329 + 3)*4137/12. Suppose -410*g + 403*g + d = 0. Is g composite?
True
Let t = 20298 - 9559. Is t composite?
False
Suppose u + 5*v + 1531 = 0, 2*u + 0*u + 5*v + 3047 = 0. Is u/(-6) - 10/(-30) prime?
False
Let b = -21 - -36. Suppose 6*h - h = b. Is 251/6*h*14 a composite number?
True
Is (65/30 + 2/(-12))/(28/15354178) prime?
True
Suppose -y + 0*y = -3, 2*x + 3 = 5*y. Let l(q) = 206*q**2 - 17*q - 5. Let g be l(-3). Suppose -x*d + 2558 = -g. Is d a composite number?
False
Let a = 434692 + -193863. Is a a prime number?
True
Suppose -g = -4*y + 2*y - 968, 5*g - 4840 = -5*y. Suppose g + 1453 = s. Suppose 0 = 2*f - 2*a - s + 661, -5*a = f - 862. Is f prime?
True
Let r(o) = 6*o**3 + 3*o**2 - 8*o - 22. Let h(q) = -24*q**3 - 13*q**2 + 31*q + 88. Let i(s) = -2*h(s) - 9*r(s). Is i(-3) a composite number?
True
Let r(i) be the second derivative of -i**5/20 + 29*i**4/12 - i**3/2 - 46*i**2 - 154*i. Is r(25) prime?
True
Let z(r) be the third derivative of r**7/360 + r**6/36 + 7*r**5/120 + 5*r**4/12 + 28*r**2 - 2*r. Let p(t) be the second derivative of z(t). Is p(16) prime?
False
Suppose -12663733 = -65*l + 9316602. Is l composite?
False
Let j = -84538 - -135801. Is j a prime number?
True
Is 1 + -2 + 13330 + 59 + -57 prime?
True
Let s = -84 - -129. Let k be (-3*(-115)/s)/((-1)/(-3)). Suppose -k*i + 21*i + 106 = 0. Is i a prime number?
True
Let m be 30/(-4)*(45 - 57). Suppose 3*g + n = 73 + m, g - n - 49 = 0. Is g prime?
True
Suppose 0 = -6*z + 9*z. Suppose z = -8*o + 288 + 24. Suppose -o*k + 3530 = -34*k. Is k a prime number?
False
Is 426199/(-2)*(-7 - (-14 - -9)) composite?
True
Let s(x) = -x**2 + x + 194. Let z(v) = v**2 + 9*v + 8. Suppose 3*q - 2*q + 8 = 0. Let l be z(q). Is s(l) a prime number?
False
Let v be (-8)/6 + (1977768/(-27))/13. Let o = 9921 - v. Is o a composite number?
True
Is (-4 - (19219035/30 + -12))/(2/(-4)) a prime number?
True
Let m be (-14)/10 + 6/15. Let s be (-11)/(-3) + (-1355)/813. Is s/(m/(1058/(-4))) - 3 a prime number?
False
Suppose 0 = -62*f + 32*f + 2026950. Is f a composite number?
True
Let w(o) = -95861*o - 2821. Is w(-16) composite?
True
Let g be (-2)/4*1 - (-3)/(-6). Is 4242 - (55/33)/(g/3) prime?
False
Let b(o) = -15*o**3 + 27*o**2 - 36*o + 523. Is b(-38) prime?
True
Suppose w = 11000 + 4766. Let z = 27557 - w. Is z a prime number?
False
Suppose -18*c = -35*c + 1977593. Is c composite?
False
Suppose 2*q - 5*q - 2*i + 16337 = 0, 5*i = 4*q - 21775. Suppose 3*b - 3 = -0, 4*s + b = q. Suppose 5*f = -r + 461, 0 = -r + 4*r + 4*f - s. Is r composite?
True
Let h = 1760470 - 1241891. Is h a composite number?
False
Let s = 564764 - 364813. Is s a prime number?
False
Suppose 4*l = 21763 + 37693. Is 7/(-35) + l/20 + 3 a composite number?
True
Let a(h) = -h**3 - 14*h**2 + h + 8. Let t be a(-14). Is -3 + 4292*(-12)/t composite?
False
Let s = -36192 - -204903. Is s prime?
False
Let j = 7018035 - 3456440. Is j a prime number?
False
Let x(w) = w**3 - 26*w**2 + 85*w + 11. Is x(38) a prime number?
False
Suppose 4*z - 27 + 7 = 0. Suppose x + 14 = 5*t, 0*x + z*x - 17 = -4*t. Suppose -6*l + 5*b + 14625 = -l, -8787 = -3*l - t*b. Is l a composite number?
False
Let k = 143 - 140. Suppose k*g = 6901 + 17114. Is g a prime number?
False
Let u be 163048/10 - (-5)/25. Let s be (1700/(-1))/((-152)/380). Suppose -s - u = -5*l. Is l a prime number?
True
Suppose 672*t - 47997 = 681*t. Let x = 32 - 3382. Let i = x - t. Is i composite?
True
Let l be 1 + -18 - -4*(-1)/4. Let k be (l/(-45))/(1/60*2). Suppose -k*t + 14*t - 1438 = 0. Is t prime?
True
Let k(y) = 7*y - 2. Let h be k(1). Suppose -h*p + 14 = -16. Suppose 5709 = p*m + 1287. Is m a composite number?
True
Let z = 164 + -44. Let p = -112 + z. Suppose 4*a - p - 556 = 0. Is a a prime number?
False
Suppose 0 = -218*y + 221*y - 3. Let w(v) = -v**3 + 7*v**2 + v - 10. Let g be w(7). Is -13*(g + y)*(-10)/(-4) prime?
False
Let c(w) = 4348*w**2 + 10*w - 107. Is c(5) prime?
True
Let k = -2 - 0. Let n be -2*6*k + (-3)/(-1). Is 982*((-4)/((-24)/n) + -4) a prime number?
True
Let z(p) = 13481*p - 14882. Is z(15) a composite number?
True
Suppose 170*v = 175*v - 265. Suppose 49*g = v*g - 13348. Is g composite?
True
Suppose 4*m - 2 = 3*x, 4*x - 4*m - 2 = -m. Suppose v - r = 41, -2*r = 5*v - 3*r - 221. Is (x*-3)/(v/(-4155)) composite?
True
Suppose -5*r - 142753 = -4*l, -4*r - 23 = -19. Is l a prime number?
False
Let s be -20 + 9 - -2*1. Is s + 2 + (-17640)/(-18) prime?
False
Let z(p) = 6*p**2 + 22*p + 75037. Is z(0) a prime number?
True
Let w be 10/(-4)*(-3)/(12/8). Suppose -27014 = -21*d - w*d. Is d composite?
False
Let j be -2 - 43 - (-3 + (8 - 1)). Is -2*7/j - 252981/(-21) a prime number?
False
Let f = 7 + -82. Let o = 8831 - 9051. Let n = f - o. Is n a prime number?
False
Let u(a) = -a**3 - a**2 + 3*a - 5. Let o = -21 + 26. Let v(j) = -j**3 + 5*j**2 - 3*j + 9. Let r be v(o). Is u(r) composite?
False
Let k(d) = -52596*d + 3125. Is k(-10) composite?
True
Suppose 4*u - 3*u = 5*c + 24, 0 = c + 2. Let d(g) = -u*g**2 - 35 - 37*g + 8*g + 13*g**2. Is d(-22) a composite number?
True
Let i = 47523 - 74030. Let u = 45346 + i. Is u a composite number?
False
Let p = 106 - 102. Let j(b) = -16*b**2 - p + 16*b - 41 + 18*b**2. Is j(8) composite?
False
Suppose -40431*r + 6626606 = -40417*r. Is r a composite number?
True
Let s be 7 - 2/6*0. Let t(j) = 6*j**2 + 9*j**2 + 275*j - 266*j + 4*j**2 - 1. Is t(s) prime?
False
Suppose 2572*g + 5002 = 4*l + 2570*g, 3*l = -g + 3744. Is l composite?
False
Let d(u) be the second derivative of u**4/2 - u**3/2 + 5*u**2/2 - 8*u. Let k be d(2). Suppose 19*f = k*f - 2228. Is f a prime number?
True
Let u = 15069 + -8066. Is u prime?
False
Let k(i) be the third derivative of i**6/60 - i**5/15 + i**4/6 - i**3/2 - 4*i**2. Let q be k(2). Suppose -5110 - 2245 = -q*p. Is p a composite number?
False
Suppose -569*z + 567*z + 636 = 0. Suppose 5*k + 3 - 8 = 4*g, -3*g + 25 = 2*k. Suppose -g*a + 1591 = 4*w, w = -2*a + a + z. Is a a prime number?
False
Suppose -b + 1 - 9 = 4*s, 5 = -b - 3*s. Suppose 0*i + 1544 = b*i. Suppose 2170 = 4*z + i. Is z a prime number?
False
Suppose 2*h - 3*v + 73004 = 339135, h + 5*v = 133072. Is h composite?
True
Let f(r) = 6*r**2 + 6*